{"id":20836,"date":"2023-05-02T18:49:00","date_gmt":"2023-05-02T18:49:00","guid":{"rendered":"https:\/\/flagship.ryari.com\/index.php\/product\/logitech-mx-keys-mini-fuer-mac-kabellose-tastatur-hellgrau-deutsch-2\/"},"modified":"2026-04-14T23:39:24","modified_gmt":"2026-04-14T23:39:24","slug":"logitech-mx-keys-mini-fuer-mac-kabellose-tastatur-hellgrau-deutsch-2","status":"publish","type":"product","link":"https:\/\/flagship.ryari.com\/index.php\/product\/logitech-mx-keys-mini-fuer-mac-kabellose-tastatur-hellgrau-deutsch-2\/","title":{"rendered":"Logitech MX Keys Mini f\u00fcr Mac Kabellose Tastatur (Hellgrau), Deutsch"},"content":{"rendered":"","protected":false},"excerpt":{"rendered":"<p>Entdecken Sie Logitech MX Keys Mini f\u00fcr Mac Kabellose Tastatur (Hellgrau), Deutsch in der gro\u00dfen Auswahl bei eBay. Kostenlose Lieferung f\u00fcr viele Artikel!<\/p>\n","protected":false},"featured_media":999980000000208360,"comment_status":"open","ping_status":"closed","template":"","meta":[],"product_cat":[272],"product_tag":[],"class_list":{"0":"post-20836","1":"product","2":"type-product","3":"status-publish","4":"has-post-thumbnail","6":"product_cat-tastaturen","8":"first","9":"instock","10":"taxable","11":"shipping-taxable","12":"product-type-external"},"acf":[],"_links":{"self":[{"href":"https:\/\/flagship.ryari.com\/index.php\/wp-json\/wp\/v2\/product\/20836","targetHints":{"allow":["GET"]}}],"collection":[{"href":"https:\/\/flagship.ryari.com\/index.php\/wp-json\/wp\/v2\/product"}],"about":[{"href":"https:\/\/flagship.ryari.com\/index.php\/wp-json\/wp\/v2\/types\/product"}],"replies":[{"embeddable":true,"href":"https:\/\/flagship.ryari.com\/index.php\/wp-json\/wp\/v2\/comments?post=20836"}],"wp:featuredmedia":[{"embeddable":true,"href":"https:\/\/flagship.ryari.com\/index.php\/wp-json\/"}],"wp:attachment":[{"href":"https:\/\/flagship.ryari.com\/index.php\/wp-json\/wp\/v2\/media?parent=20836"}],"wp:term":[{"taxonomy":"product_cat","embeddable":true,"href":"https:\/\/flagship.ryari.com\/index.php\/wp-json\/wp\/v2\/product_cat?post=20836"},{"taxonomy":"product_tag","embeddable":true,"href":"https:\/\/flagship.ryari.com\/index.php\/wp-json\/wp\/v2\/product_tag?post=20836"}],"curies":[{"name":"wp","href":"https:\/\/api.w.org\/{rel}","templated":true}]}}