{"id":22382,"date":"2023-05-03T09:41:18","date_gmt":"2023-05-03T09:41:18","guid":{"rendered":"https:\/\/flagship.ryari.com\/index.php\/product\/seagate-momentus-st500lt012-500gbintern5400rpm-9ws142-hdd-hard-disk-drive\/"},"modified":"2026-05-15T23:50:50","modified_gmt":"2026-05-15T23:50:50","slug":"seagate-momentus-st500lt012-500gbintern5400rpm-9ws142-hdd-hard-disk-drive","status":"publish","type":"product","link":"https:\/\/flagship.ryari.com\/index.php\/product\/seagate-momentus-st500lt012-500gbintern5400rpm-9ws142-hdd-hard-disk-drive\/","title":{"rendered":"Seagate Momentus ST500LT012 500GB,Intern,5400RPM (9WS142) HDD (Hard Disk Drive)"},"content":{"rendered":"<p>Das Seagate Momentus ist ein 2,5 Zoll HDD (Hard Disk Drive) Formfaktor mit einem Intern-Geh\u00e4use. Dank der 500 GB Speicherkapazit\u00e4t bietet das Modell Speicherplatz f\u00fcr Ihre digitale Daten. Die Verbindung des Ger\u00e4ts ist durch einer SATA II Schnittstelle realisierbar und hat eine Umdrehungsgeschwindigkeit von 5400 RPM, was einen effizienten Betrieb leistet. Diese Festplatte ist f\u00fcr PC Plattformen entworfen und hat 114 MB Puffergr\u00f6\u00dfe.<\/p>\n","protected":false},"excerpt":{"rendered":"<p>Das Seagate Momentus ist ein 2,5 Zoll HDD (Hard Disk Drive) Formfaktor mit einem Intern-Geh\u00e4use. Dank der 500 GB Speicherkapazit\u00e4t bietet das Modell Speicherplatz f\u00fcr Ihre digitale Daten. Die Verbindung<\/p>\n","protected":false},"featured_media":999980000000223820,"comment_status":"open","ping_status":"closed","template":"","meta":[],"product_cat":[285],"product_tag":[],"class_list":{"0":"post-22382","1":"product","2":"type-product","3":"status-publish","4":"has-post-thumbnail","6":"product_cat-intern-hdd","8":"first","9":"instock","10":"taxable","11":"shipping-taxable","12":"product-type-external"},"acf":[],"_links":{"self":[{"href":"https:\/\/flagship.ryari.com\/index.php\/wp-json\/wp\/v2\/product\/22382","targetHints":{"allow":["GET"]}}],"collection":[{"href":"https:\/\/flagship.ryari.com\/index.php\/wp-json\/wp\/v2\/product"}],"about":[{"href":"https:\/\/flagship.ryari.com\/index.php\/wp-json\/wp\/v2\/types\/product"}],"replies":[{"embeddable":true,"href":"https:\/\/flagship.ryari.com\/index.php\/wp-json\/wp\/v2\/comments?post=22382"}],"wp:featuredmedia":[{"embeddable":true,"href":"https:\/\/flagship.ryari.com\/index.php\/wp-json\/"}],"wp:attachment":[{"href":"https:\/\/flagship.ryari.com\/index.php\/wp-json\/wp\/v2\/media?parent=22382"}],"wp:term":[{"taxonomy":"product_cat","embeddable":true,"href":"https:\/\/flagship.ryari.com\/index.php\/wp-json\/wp\/v2\/product_cat?post=22382"},{"taxonomy":"product_tag","embeddable":true,"href":"https:\/\/flagship.ryari.com\/index.php\/wp-json\/wp\/v2\/product_tag?post=22382"}],"curies":[{"name":"wp","href":"https:\/\/api.w.org\/{rel}","templated":true}]}}