{"id":22809,"date":"2023-05-03T09:55:25","date_gmt":"2023-05-03T09:55:25","guid":{"rendered":"https:\/\/flagship.ryari.com\/index.php\/product\/hitachi-ultrastar-7k4000-4tbintern7200rpm\/"},"modified":"2026-04-06T09:21:55","modified_gmt":"2026-04-06T09:21:55","slug":"hitachi-ultrastar-7k4000-4tbintern7200rpm","status":"publish","type":"product","link":"https:\/\/flagship.ryari.com\/index.php\/product\/hitachi-ultrastar-7k4000-4tbintern7200rpm\/","title":{"rendered":"Hitachi Ultrastar 7K4000 4TB,Intern,7200RPM"},"content":{"rendered":"<p>Die Ultrastar 7K4000 von Hitachi ist eine 3,5 Zoll gro\u00dfe HDD-Festplatte, ist f\u00fcr den internen Gebrauch in Desktopcomputern vorgesehen und kann im Geh\u00e4use verschraubt werden. F\u00fcr die Verbindung mit dem Rechner wird die SATA-Schnittstelle verwendet und das Speichervolumen der Ultrastar betr\u00e4gt 4 TB. Die Festplatte schreibt Daten im Perpendicular Magnetic Recording Verfahren mit einer Geschwindigkeit von bis zu 7200 RPM, wobei f\u00fcr die Zwischenspeicherung ein 64 MB gro\u00dfer Cache zur Verf\u00fcgung steht.<\/p>\n","protected":false},"excerpt":{"rendered":"<p>Die Ultrastar 7K4000 von Hitachi ist eine 3,5 Zoll gro\u00dfe HDD-Festplatte, ist f\u00fcr den internen Gebrauch in Desktopcomputern vorgesehen und kann im Geh\u00e4use verschraubt werden. F\u00fcr die Verbindung mit dem<\/p>\n","protected":false},"featured_media":999980000000228090,"comment_status":"open","ping_status":"closed","template":"","meta":[],"product_cat":[285],"product_tag":[],"class_list":{"0":"post-22809","1":"product","2":"type-product","3":"status-publish","4":"has-post-thumbnail","6":"product_cat-intern-hdd","8":"first","9":"instock","10":"taxable","11":"shipping-taxable","12":"product-type-external"},"acf":[],"_links":{"self":[{"href":"https:\/\/flagship.ryari.com\/index.php\/wp-json\/wp\/v2\/product\/22809","targetHints":{"allow":["GET"]}}],"collection":[{"href":"https:\/\/flagship.ryari.com\/index.php\/wp-json\/wp\/v2\/product"}],"about":[{"href":"https:\/\/flagship.ryari.com\/index.php\/wp-json\/wp\/v2\/types\/product"}],"replies":[{"embeddable":true,"href":"https:\/\/flagship.ryari.com\/index.php\/wp-json\/wp\/v2\/comments?post=22809"}],"wp:featuredmedia":[{"embeddable":true,"href":"https:\/\/flagship.ryari.com\/index.php\/wp-json\/"}],"wp:attachment":[{"href":"https:\/\/flagship.ryari.com\/index.php\/wp-json\/wp\/v2\/media?parent=22809"}],"wp:term":[{"taxonomy":"product_cat","embeddable":true,"href":"https:\/\/flagship.ryari.com\/index.php\/wp-json\/wp\/v2\/product_cat?post=22809"},{"taxonomy":"product_tag","embeddable":true,"href":"https:\/\/flagship.ryari.com\/index.php\/wp-json\/wp\/v2\/product_tag?post=22809"}],"curies":[{"name":"wp","href":"https:\/\/api.w.org\/{rel}","templated":true}]}}