{"id":25271,"date":"2023-05-03T17:36:26","date_gmt":"2023-05-03T17:36:26","guid":{"rendered":"https:\/\/flagship.ryari.com\/index.php\/product\/sd-speicherkarte-64-128-256gb-micro-card-sdxc4k-uhd-v30-fuer-gopro-hero\/"},"modified":"2026-04-18T06:21:50","modified_gmt":"2026-04-18T06:21:50","slug":"sd-speicherkarte-64-128-256gb-micro-card-sdxc4k-uhd-v30-fuer-gopro-hero","status":"publish","type":"product","link":"https:\/\/flagship.ryari.com\/index.php\/product\/sd-speicherkarte-64-128-256gb-micro-card-sdxc4k-uhd-v30-fuer-gopro-hero\/","title":{"rendered":"SD Speicherkarte 64\/128\/256GB micro Card SDXC4k UHD V30 f\u00fcr gopro hero"},"content":{"rendered":"","protected":false},"excerpt":{"rendered":"<p>Entdecken Sie SD Speicherkarte 64\/128\/256GB micro Card SDXC4k UHD V30 f\u00fcr gopro hero in der gro\u00dfen Auswahl bei eBay. Kostenlose Lieferung f\u00fcr viele Artikel!<\/p>\n","protected":false},"featured_media":999980000000252710,"comment_status":"open","ping_status":"closed","template":"","meta":[],"product_cat":[287],"product_tag":[],"class_list":{"0":"post-25271","1":"product","2":"type-product","3":"status-publish","4":"has-post-thumbnail","6":"product_cat-micro-sd-karten","8":"first","9":"instock","10":"taxable","11":"shipping-taxable","12":"product-type-external"},"acf":[],"_links":{"self":[{"href":"https:\/\/flagship.ryari.com\/index.php\/wp-json\/wp\/v2\/product\/25271","targetHints":{"allow":["GET"]}}],"collection":[{"href":"https:\/\/flagship.ryari.com\/index.php\/wp-json\/wp\/v2\/product"}],"about":[{"href":"https:\/\/flagship.ryari.com\/index.php\/wp-json\/wp\/v2\/types\/product"}],"replies":[{"embeddable":true,"href":"https:\/\/flagship.ryari.com\/index.php\/wp-json\/wp\/v2\/comments?post=25271"}],"wp:featuredmedia":[{"embeddable":true,"href":"https:\/\/flagship.ryari.com\/index.php\/wp-json\/"}],"wp:attachment":[{"href":"https:\/\/flagship.ryari.com\/index.php\/wp-json\/wp\/v2\/media?parent=25271"}],"wp:term":[{"taxonomy":"product_cat","embeddable":true,"href":"https:\/\/flagship.ryari.com\/index.php\/wp-json\/wp\/v2\/product_cat?post=25271"},{"taxonomy":"product_tag","embeddable":true,"href":"https:\/\/flagship.ryari.com\/index.php\/wp-json\/wp\/v2\/product_tag?post=25271"}],"curies":[{"name":"wp","href":"https:\/\/api.w.org\/{rel}","templated":true}]}}