{"id":27955,"date":"2023-05-04T16:39:12","date_gmt":"2023-05-04T16:39:12","guid":{"rendered":"https:\/\/flagship.ryari.com\/index.php\/product\/raritaet-ca-brightstor-arcserve-backup-r11-5-upgrade-windows-multilingual-2\/"},"modified":"2026-04-18T07:44:59","modified_gmt":"2026-04-18T07:44:59","slug":"raritaet-ca-brightstor-arcserve-backup-r11-5-upgrade-windows-multilingual-2","status":"publish","type":"product","link":"https:\/\/flagship.ryari.com\/index.php\/product\/raritaet-ca-brightstor-arcserve-backup-r11-5-upgrade-windows-multilingual-2\/","title":{"rendered":"RARIT\u00c4T &#8211; CA BrightStor ARCserve Backup r11.5 Upgrade &#8211; Windows &#8211; Multilingual"},"content":{"rendered":"","protected":false},"excerpt":{"rendered":"<p>Entdecken Sie RARIT\u00c4T &#8211; CA BrightStor ARCserve Backup r11.5 Upgrade &#8211; Windows &#8211; Multilingual in der gro\u00dfen Auswahl bei eBay. Kostenlose Lieferung f\u00fcr viele Artikel!<\/p>\n","protected":false},"featured_media":999980000000279550,"comment_status":"open","ping_status":"closed","template":"","meta":[],"product_cat":[295],"product_tag":[],"class_list":{"0":"post-27955","1":"product","2":"type-product","3":"status-publish","4":"has-post-thumbnail","6":"product_cat-buero-business","8":"first","9":"instock","10":"taxable","11":"shipping-taxable","12":"product-type-external"},"acf":[],"_links":{"self":[{"href":"https:\/\/flagship.ryari.com\/index.php\/wp-json\/wp\/v2\/product\/27955","targetHints":{"allow":["GET"]}}],"collection":[{"href":"https:\/\/flagship.ryari.com\/index.php\/wp-json\/wp\/v2\/product"}],"about":[{"href":"https:\/\/flagship.ryari.com\/index.php\/wp-json\/wp\/v2\/types\/product"}],"replies":[{"embeddable":true,"href":"https:\/\/flagship.ryari.com\/index.php\/wp-json\/wp\/v2\/comments?post=27955"}],"wp:featuredmedia":[{"embeddable":true,"href":"https:\/\/flagship.ryari.com\/index.php\/wp-json\/"}],"wp:attachment":[{"href":"https:\/\/flagship.ryari.com\/index.php\/wp-json\/wp\/v2\/media?parent=27955"}],"wp:term":[{"taxonomy":"product_cat","embeddable":true,"href":"https:\/\/flagship.ryari.com\/index.php\/wp-json\/wp\/v2\/product_cat?post=27955"},{"taxonomy":"product_tag","embeddable":true,"href":"https:\/\/flagship.ryari.com\/index.php\/wp-json\/wp\/v2\/product_tag?post=27955"}],"curies":[{"name":"wp","href":"https:\/\/api.w.org\/{rel}","templated":true}]}}