{"id":31090,"date":"2023-05-04T20:41:27","date_gmt":"2023-05-04T20:41:27","guid":{"rendered":"https:\/\/flagship.ryari.com\/index.php\/product\/panasonic-lumix-dc-gh5eg-k-spiegellose-systemkamera-nur-gehaeuse-2\/"},"modified":"2026-05-15T23:39:30","modified_gmt":"2026-05-15T23:39:30","slug":"panasonic-lumix-dc-gh5eg-k-spiegellose-systemkamera-nur-gehaeuse-2","status":"publish","type":"product","link":"https:\/\/flagship.ryari.com\/index.php\/product\/panasonic-lumix-dc-gh5eg-k-spiegellose-systemkamera-nur-gehaeuse-2\/","title":{"rendered":"Panasonic LUMIX DC-GH5EG-K Spiegellose Systemkamera (Nur Geh\u00e4use)"},"content":{"rendered":"","protected":false},"excerpt":{"rendered":"<p>Entdecken Sie Panasonic LUMIX DC-GH5EG-K Spiegellose Systemkamera (Nur Geh\u00e4use) in der gro\u00dfen Auswahl bei eBay. Kostenlose Lieferung f\u00fcr viele Artikel!<\/p>\n","protected":false},"featured_media":999980000000310900,"comment_status":"open","ping_status":"closed","template":"","meta":[],"product_cat":[302],"product_tag":[],"class_list":{"0":"post-31090","1":"product","2":"type-product","3":"status-publish","4":"has-post-thumbnail","6":"product_cat-digital-kameras","8":"first","9":"instock","10":"taxable","11":"shipping-taxable","12":"product-type-external"},"acf":[],"_links":{"self":[{"href":"https:\/\/flagship.ryari.com\/index.php\/wp-json\/wp\/v2\/product\/31090","targetHints":{"allow":["GET"]}}],"collection":[{"href":"https:\/\/flagship.ryari.com\/index.php\/wp-json\/wp\/v2\/product"}],"about":[{"href":"https:\/\/flagship.ryari.com\/index.php\/wp-json\/wp\/v2\/types\/product"}],"replies":[{"embeddable":true,"href":"https:\/\/flagship.ryari.com\/index.php\/wp-json\/wp\/v2\/comments?post=31090"}],"wp:featuredmedia":[{"embeddable":true,"href":"https:\/\/flagship.ryari.com\/index.php\/wp-json\/"}],"wp:attachment":[{"href":"https:\/\/flagship.ryari.com\/index.php\/wp-json\/wp\/v2\/media?parent=31090"}],"wp:term":[{"taxonomy":"product_cat","embeddable":true,"href":"https:\/\/flagship.ryari.com\/index.php\/wp-json\/wp\/v2\/product_cat?post=31090"},{"taxonomy":"product_tag","embeddable":true,"href":"https:\/\/flagship.ryari.com\/index.php\/wp-json\/wp\/v2\/product_tag?post=31090"}],"curies":[{"name":"wp","href":"https:\/\/api.w.org\/{rel}","templated":true}]}}