{"id":31836,"date":"2023-05-05T17:02:21","date_gmt":"2023-05-05T17:02:21","guid":{"rendered":"https:\/\/flagship.ryari.com\/index.php\/product\/action-camera-4k-for-benelli-imperiale-400-tourtecs-bl-2\/"},"modified":"2026-04-23T08:08:34","modified_gmt":"2026-04-23T08:08:34","slug":"action-camera-4k-for-benelli-imperiale-400-tourtecs-bl-2","status":"publish","type":"product","link":"https:\/\/flagship.ryari.com\/index.php\/product\/action-camera-4k-for-benelli-imperiale-400-tourtecs-bl-2\/","title":{"rendered":"Action camera 4K for Benelli Imperiale 400 Tourtecs bl."},"content":{"rendered":"","protected":false},"excerpt":{"rendered":"<p>Entdecken Sie Actionkamera 4K f\u00fcr Benelli Imperiale 400 Tourtecs bl. in der gro\u00dfen Auswahl bei eBay. Kostenlose Lieferung f\u00fcr viele Artikel!<\/p>\n","protected":false},"featured_media":999980000000318360,"comment_status":"open","ping_status":"closed","template":"","meta":[],"product_cat":[304],"product_tag":[],"class_list":{"0":"post-31836","1":"product","2":"type-product","3":"status-publish","4":"has-post-thumbnail","6":"product_cat-action-kameras","8":"first","9":"instock","10":"taxable","11":"shipping-taxable","12":"product-type-external"},"acf":[],"_links":{"self":[{"href":"https:\/\/flagship.ryari.com\/index.php\/wp-json\/wp\/v2\/product\/31836","targetHints":{"allow":["GET"]}}],"collection":[{"href":"https:\/\/flagship.ryari.com\/index.php\/wp-json\/wp\/v2\/product"}],"about":[{"href":"https:\/\/flagship.ryari.com\/index.php\/wp-json\/wp\/v2\/types\/product"}],"replies":[{"embeddable":true,"href":"https:\/\/flagship.ryari.com\/index.php\/wp-json\/wp\/v2\/comments?post=31836"}],"wp:featuredmedia":[{"embeddable":true,"href":"https:\/\/flagship.ryari.com\/index.php\/wp-json\/"}],"wp:attachment":[{"href":"https:\/\/flagship.ryari.com\/index.php\/wp-json\/wp\/v2\/media?parent=31836"}],"wp:term":[{"taxonomy":"product_cat","embeddable":true,"href":"https:\/\/flagship.ryari.com\/index.php\/wp-json\/wp\/v2\/product_cat?post=31836"},{"taxonomy":"product_tag","embeddable":true,"href":"https:\/\/flagship.ryari.com\/index.php\/wp-json\/wp\/v2\/product_tag?post=31836"}],"curies":[{"name":"wp","href":"https:\/\/api.w.org\/{rel}","templated":true}]}}