{"id":32807,"date":"2023-05-05T17:45:09","date_gmt":"2023-05-05T17:45:09","guid":{"rendered":"https:\/\/flagship.ryari.com\/index.php\/product\/4k-drohnen-event-dokumentations-luftaufnahmen-fuer-jedermann-2\/"},"modified":"2026-04-06T12:20:16","modified_gmt":"2026-04-06T12:20:16","slug":"4k-drohnen-event-dokumentations-luftaufnahmen-fuer-jedermann-2","status":"publish","type":"product","link":"https:\/\/flagship.ryari.com\/index.php\/product\/4k-drohnen-event-dokumentations-luftaufnahmen-fuer-jedermann-2\/","title":{"rendered":"4k Drohnen Event &#038; Dokumentations Luftaufnahmen f\u00fcr Jedermann ^^"},"content":{"rendered":"","protected":false},"excerpt":{"rendered":"<p>Entdecken Sie 4k Drohnen Event &amp; Dokumentations Luftaufnahmen f\u00fcr Jedermann ^^ in der gro\u00dfen Auswahl bei eBay. Kostenlose Lieferung f\u00fcr viele Artikel!<\/p>\n","protected":false},"featured_media":999980000000328070,"comment_status":"open","ping_status":"closed","template":"","meta":[],"product_cat":[307],"product_tag":[],"class_list":{"0":"post-32807","1":"product","2":"type-product","3":"status-publish","4":"has-post-thumbnail","6":"product_cat-andere-drohnen","8":"first","9":"instock","10":"taxable","11":"shipping-taxable","12":"product-type-external"},"acf":[],"_links":{"self":[{"href":"https:\/\/flagship.ryari.com\/index.php\/wp-json\/wp\/v2\/product\/32807","targetHints":{"allow":["GET"]}}],"collection":[{"href":"https:\/\/flagship.ryari.com\/index.php\/wp-json\/wp\/v2\/product"}],"about":[{"href":"https:\/\/flagship.ryari.com\/index.php\/wp-json\/wp\/v2\/types\/product"}],"replies":[{"embeddable":true,"href":"https:\/\/flagship.ryari.com\/index.php\/wp-json\/wp\/v2\/comments?post=32807"}],"wp:featuredmedia":[{"embeddable":true,"href":"https:\/\/flagship.ryari.com\/index.php\/wp-json\/"}],"wp:attachment":[{"href":"https:\/\/flagship.ryari.com\/index.php\/wp-json\/wp\/v2\/media?parent=32807"}],"wp:term":[{"taxonomy":"product_cat","embeddable":true,"href":"https:\/\/flagship.ryari.com\/index.php\/wp-json\/wp\/v2\/product_cat?post=32807"},{"taxonomy":"product_tag","embeddable":true,"href":"https:\/\/flagship.ryari.com\/index.php\/wp-json\/wp\/v2\/product_tag?post=32807"}],"curies":[{"name":"wp","href":"https:\/\/api.w.org\/{rel}","templated":true}]}}