{"id":32925,"date":"2023-05-05T17:52:51","date_gmt":"2023-05-05T17:52:51","guid":{"rendered":"https:\/\/flagship.ryari.com\/index.php\/product\/objektivdeckel-405mm-fuer-alle-objektive-kameras-deckel-lens-cap-kappe-405-mm\/"},"modified":"2026-04-11T20:09:24","modified_gmt":"2026-04-11T20:09:24","slug":"objektivdeckel-405mm-fuer-alle-objektive-kameras-deckel-lens-cap-kappe-405-mm","status":"publish","type":"product","link":"https:\/\/flagship.ryari.com\/index.php\/product\/objektivdeckel-405mm-fuer-alle-objektive-kameras-deckel-lens-cap-kappe-405-mm\/","title":{"rendered":"Objektivdeckel 40,5mm f\u00fcr alle Objektive &#038; Kameras Deckel Lens Cap Kappe 40,5 mm"},"content":{"rendered":"","protected":false},"excerpt":{"rendered":"<p>Entdecken Sie Objektivdeckel 40,5mm f\u00fcr alle Objektive &amp; Kameras Deckel Lens Cap Kappe 40,5 mm in der gro\u00dfen Auswahl bei eBay. Kostenlose Lieferung f\u00fcr viele Artikel!<\/p>\n","protected":false},"featured_media":999980000000329250,"comment_status":"open","ping_status":"closed","template":"","meta":[],"product_cat":[303],"product_tag":[],"class_list":{"0":"post-32925","1":"product","2":"type-product","3":"status-publish","4":"has-post-thumbnail","6":"product_cat-kamera-objektive","8":"first","9":"instock","10":"taxable","11":"shipping-taxable","12":"product-type-external"},"acf":[],"_links":{"self":[{"href":"https:\/\/flagship.ryari.com\/index.php\/wp-json\/wp\/v2\/product\/32925","targetHints":{"allow":["GET"]}}],"collection":[{"href":"https:\/\/flagship.ryari.com\/index.php\/wp-json\/wp\/v2\/product"}],"about":[{"href":"https:\/\/flagship.ryari.com\/index.php\/wp-json\/wp\/v2\/types\/product"}],"replies":[{"embeddable":true,"href":"https:\/\/flagship.ryari.com\/index.php\/wp-json\/wp\/v2\/comments?post=32925"}],"wp:featuredmedia":[{"embeddable":true,"href":"https:\/\/flagship.ryari.com\/index.php\/wp-json\/"}],"wp:attachment":[{"href":"https:\/\/flagship.ryari.com\/index.php\/wp-json\/wp\/v2\/media?parent=32925"}],"wp:term":[{"taxonomy":"product_cat","embeddable":true,"href":"https:\/\/flagship.ryari.com\/index.php\/wp-json\/wp\/v2\/product_cat?post=32925"},{"taxonomy":"product_tag","embeddable":true,"href":"https:\/\/flagship.ryari.com\/index.php\/wp-json\/wp\/v2\/product_tag?post=32925"}],"curies":[{"name":"wp","href":"https:\/\/api.w.org\/{rel}","templated":true}]}}