{"id":36169,"date":"2023-05-07T16:43:55","date_gmt":"2023-05-07T16:43:55","guid":{"rendered":"https:\/\/flagship.ryari.com\/index.php\/product\/3d-wandbild-wunschname-gravur-induviduell-holzbuchstaben-bernd-juergen-jonas-marc\/"},"modified":"2026-05-10T11:43:02","modified_gmt":"2026-05-10T11:43:02","slug":"3d-wandbild-wunschname-gravur-induviduell-holzbuchstaben-bernd-juergen-jonas-marc","status":"publish","type":"product","link":"https:\/\/flagship.ryari.com\/index.php\/product\/3d-wandbild-wunschname-gravur-induviduell-holzbuchstaben-bernd-juergen-jonas-marc\/","title":{"rendered":"3D Wandbild Wunschname Gravur induviduell Holzbuchstaben Bernd J\u00fcrgen Jonas Marc"},"content":{"rendered":"","protected":false},"excerpt":{"rendered":"<p>Entdecken Sie 3D Wandbild Wunschname Gravur induviduell Holzbuchstaben Bernd J\u00fcrgen Jonas Marc in der gro\u00dfen Auswahl bei eBay. Kostenlose Lieferung f\u00fcr viele Artikel!<\/p>\n","protected":false},"featured_media":999980000000361690,"comment_status":"open","ping_status":"closed","template":"","meta":[],"product_cat":[319],"product_tag":[],"class_list":{"0":"post-36169","1":"product","2":"type-product","3":"status-publish","4":"has-post-thumbnail","6":"product_cat-heimkinosysteme","8":"first","9":"instock","10":"taxable","11":"shipping-taxable","12":"product-type-external"},"acf":[],"_links":{"self":[{"href":"https:\/\/flagship.ryari.com\/index.php\/wp-json\/wp\/v2\/product\/36169","targetHints":{"allow":["GET"]}}],"collection":[{"href":"https:\/\/flagship.ryari.com\/index.php\/wp-json\/wp\/v2\/product"}],"about":[{"href":"https:\/\/flagship.ryari.com\/index.php\/wp-json\/wp\/v2\/types\/product"}],"replies":[{"embeddable":true,"href":"https:\/\/flagship.ryari.com\/index.php\/wp-json\/wp\/v2\/comments?post=36169"}],"wp:featuredmedia":[{"embeddable":true,"href":"https:\/\/flagship.ryari.com\/index.php\/wp-json\/"}],"wp:attachment":[{"href":"https:\/\/flagship.ryari.com\/index.php\/wp-json\/wp\/v2\/media?parent=36169"}],"wp:term":[{"taxonomy":"product_cat","embeddable":true,"href":"https:\/\/flagship.ryari.com\/index.php\/wp-json\/wp\/v2\/product_cat?post=36169"},{"taxonomy":"product_tag","embeddable":true,"href":"https:\/\/flagship.ryari.com\/index.php\/wp-json\/wp\/v2\/product_tag?post=36169"}],"curies":[{"name":"wp","href":"https:\/\/api.w.org\/{rel}","templated":true}]}}