{"id":38661,"date":"2023-05-07T19:07:14","date_gmt":"2023-05-07T19:07:14","guid":{"rendered":"https:\/\/flagship.ryari.com\/index.php\/product\/nctnk-pakiet-domowy-12-m-cetelewizja-na-kartedoladowanie-aufladung-nc-tv\/"},"modified":"2026-04-12T05:12:30","modified_gmt":"2026-04-12T05:12:30","slug":"nctnk-pakiet-domowy-12-m-cetelewizja-na-kartedoladowanie-aufladung-nc-tv","status":"publish","type":"product","link":"https:\/\/flagship.ryari.com\/index.php\/product\/nctnk-pakiet-domowy-12-m-cetelewizja-na-kartedoladowanie-aufladung-nc-tv\/","title":{"rendered":"NC+TNK Pakiet Domowy 12 m-ceTELEWIZJA NA KART\u0118,DO\u0141ADOWANIE AUFLADUNG NC+ TV"},"content":{"rendered":"","protected":false},"excerpt":{"rendered":"<p>Entdecken Sie NC+TNK Pakiet Domowy 12 m-ceTELEWIZJA NA KART\u0118,DO\u0141ADOWANIE AUFLADUNG NC+ TV in der gro\u00dfen Auswahl bei eBay. Kostenlose Lieferung f\u00fcr viele Artikel!<\/p>\n","protected":false},"featured_media":999980000000386610,"comment_status":"open","ping_status":"closed","template":"","meta":[],"product_cat":[330],"product_tag":[],"class_list":{"0":"post-38661","1":"product","2":"type-product","3":"status-publish","4":"has-post-thumbnail","6":"product_cat-sat-lnbs","8":"first","9":"instock","10":"taxable","11":"shipping-taxable","12":"product-type-external"},"acf":[],"_links":{"self":[{"href":"https:\/\/flagship.ryari.com\/index.php\/wp-json\/wp\/v2\/product\/38661","targetHints":{"allow":["GET"]}}],"collection":[{"href":"https:\/\/flagship.ryari.com\/index.php\/wp-json\/wp\/v2\/product"}],"about":[{"href":"https:\/\/flagship.ryari.com\/index.php\/wp-json\/wp\/v2\/types\/product"}],"replies":[{"embeddable":true,"href":"https:\/\/flagship.ryari.com\/index.php\/wp-json\/wp\/v2\/comments?post=38661"}],"wp:featuredmedia":[{"embeddable":true,"href":"https:\/\/flagship.ryari.com\/index.php\/wp-json\/"}],"wp:attachment":[{"href":"https:\/\/flagship.ryari.com\/index.php\/wp-json\/wp\/v2\/media?parent=38661"}],"wp:term":[{"taxonomy":"product_cat","embeddable":true,"href":"https:\/\/flagship.ryari.com\/index.php\/wp-json\/wp\/v2\/product_cat?post=38661"},{"taxonomy":"product_tag","embeddable":true,"href":"https:\/\/flagship.ryari.com\/index.php\/wp-json\/wp\/v2\/product_tag?post=38661"}],"curies":[{"name":"wp","href":"https:\/\/api.w.org\/{rel}","templated":true}]}}