{"id":40339,"date":"2023-05-08T17:03:50","date_gmt":"2023-05-08T17:03:50","guid":{"rendered":"https:\/\/flagship.ryari.com\/index.php\/product\/universalfernbedienung-summit-simple-ueber-usb-programmierbar\/"},"modified":"2026-05-15T21:53:30","modified_gmt":"2026-05-15T21:53:30","slug":"universalfernbedienung-summit-simple-ueber-usb-programmierbar","status":"publish","type":"product","link":"https:\/\/flagship.ryari.com\/index.php\/product\/universalfernbedienung-summit-simple-ueber-usb-programmierbar\/","title":{"rendered":"Universalfernbedienung Summit Simple &#8211; \u00fcber USB programmierbar"},"content":{"rendered":"","protected":false},"excerpt":{"rendered":"<p>Entdecken Sie Universalfernbedienung Summit Simple &#8211; \u00fcber USB programmierbar in der gro\u00dfen Auswahl bei eBay. Kostenlose Lieferung f\u00fcr viele Artikel!<\/p>\n","protected":false},"featured_media":999980000000403390,"comment_status":"open","ping_status":"closed","template":"","meta":[],"product_cat":[326],"product_tag":[],"class_list":{"0":"post-40339","1":"product","2":"type-product","3":"status-publish","4":"has-post-thumbnail","6":"product_cat-kabel-tv-receiver","8":"first","9":"instock","10":"taxable","11":"shipping-taxable","12":"product-type-external"},"acf":[],"_links":{"self":[{"href":"https:\/\/flagship.ryari.com\/index.php\/wp-json\/wp\/v2\/product\/40339","targetHints":{"allow":["GET"]}}],"collection":[{"href":"https:\/\/flagship.ryari.com\/index.php\/wp-json\/wp\/v2\/product"}],"about":[{"href":"https:\/\/flagship.ryari.com\/index.php\/wp-json\/wp\/v2\/types\/product"}],"replies":[{"embeddable":true,"href":"https:\/\/flagship.ryari.com\/index.php\/wp-json\/wp\/v2\/comments?post=40339"}],"wp:featuredmedia":[{"embeddable":true,"href":"https:\/\/flagship.ryari.com\/index.php\/wp-json\/"}],"wp:attachment":[{"href":"https:\/\/flagship.ryari.com\/index.php\/wp-json\/wp\/v2\/media?parent=40339"}],"wp:term":[{"taxonomy":"product_cat","embeddable":true,"href":"https:\/\/flagship.ryari.com\/index.php\/wp-json\/wp\/v2\/product_cat?post=40339"},{"taxonomy":"product_tag","embeddable":true,"href":"https:\/\/flagship.ryari.com\/index.php\/wp-json\/wp\/v2\/product_tag?post=40339"}],"curies":[{"name":"wp","href":"https:\/\/api.w.org\/{rel}","templated":true}]}}