{"id":40704,"date":"2023-05-08T17:25:16","date_gmt":"2023-05-08T17:25:16","guid":{"rendered":"https:\/\/flagship.ryari.com\/index.php\/product\/maaxtv-1-jahr-verlaengerung-fuer-ln4000-und-ln5000-2\/"},"modified":"2026-04-14T16:32:56","modified_gmt":"2026-04-14T16:32:56","slug":"maaxtv-1-jahr-verlaengerung-fuer-ln4000-und-ln5000-2","status":"publish","type":"product","link":"https:\/\/flagship.ryari.com\/index.php\/product\/maaxtv-1-jahr-verlaengerung-fuer-ln4000-und-ln5000-2\/","title":{"rendered":"MaaxTV 1 Jahr Verl\u00e4ngerung f\u00fcr Ln4000 und Ln5000"},"content":{"rendered":"","protected":false},"excerpt":{"rendered":"<p>Entdecken Sie MaaxTV 1 Jahr Verl\u00e4ngerung f\u00fcr Ln4000 und Ln5000 in der gro\u00dfen Auswahl bei eBay. Kostenlose Lieferung f\u00fcr viele Artikel!<\/p>\n","protected":false},"featured_media":999980000000407040,"comment_status":"open","ping_status":"closed","template":"","meta":[],"product_cat":[328],"product_tag":[],"class_list":{"0":"post-40704","1":"product","2":"type-product","3":"status-publish","4":"has-post-thumbnail","6":"product_cat-tv-smartcards","8":"first","9":"instock","10":"taxable","11":"shipping-taxable","12":"product-type-external"},"acf":[],"_links":{"self":[{"href":"https:\/\/flagship.ryari.com\/index.php\/wp-json\/wp\/v2\/product\/40704","targetHints":{"allow":["GET"]}}],"collection":[{"href":"https:\/\/flagship.ryari.com\/index.php\/wp-json\/wp\/v2\/product"}],"about":[{"href":"https:\/\/flagship.ryari.com\/index.php\/wp-json\/wp\/v2\/types\/product"}],"replies":[{"embeddable":true,"href":"https:\/\/flagship.ryari.com\/index.php\/wp-json\/wp\/v2\/comments?post=40704"}],"wp:featuredmedia":[{"embeddable":true,"href":"https:\/\/flagship.ryari.com\/index.php\/wp-json\/"}],"wp:attachment":[{"href":"https:\/\/flagship.ryari.com\/index.php\/wp-json\/wp\/v2\/media?parent=40704"}],"wp:term":[{"taxonomy":"product_cat","embeddable":true,"href":"https:\/\/flagship.ryari.com\/index.php\/wp-json\/wp\/v2\/product_cat?post=40704"},{"taxonomy":"product_tag","embeddable":true,"href":"https:\/\/flagship.ryari.com\/index.php\/wp-json\/wp\/v2\/product_tag?post=40704"}],"curies":[{"name":"wp","href":"https:\/\/api.w.org\/{rel}","templated":true}]}}