{"id":40860,"date":"2023-05-08T18:58:24","date_gmt":"2023-05-08T18:58:24","guid":{"rendered":"https:\/\/flagship.ryari.com\/index.php\/product\/fuer-pioneer-gr-777-equalizer-seitenteile-holzseiten-urushi-design-side-panel-4\/"},"modified":"2026-04-14T16:27:47","modified_gmt":"2026-04-14T16:27:47","slug":"fuer-pioneer-gr-777-equalizer-seitenteile-holzseiten-urushi-design-side-panel-4","status":"publish","type":"product","link":"https:\/\/flagship.ryari.com\/index.php\/product\/fuer-pioneer-gr-777-equalizer-seitenteile-holzseiten-urushi-design-side-panel-4\/","title":{"rendered":"F\u00fcr PIONEER gr 777 equalizer Seitenteile Holzseiten URUSHI DESIGN side panel"},"content":{"rendered":"","protected":false},"excerpt":{"rendered":"<p>Entdecken Sie F\u00fcr PIONEER gr 777 equalizer Seitenteile Holzseiten URUSHI DESIGN side panel in der gro\u00dfen Auswahl bei eBay. Kostenlose Lieferung f\u00fcr viele Artikel!<\/p>\n","protected":false},"featured_media":999980000000408600,"comment_status":"open","ping_status":"closed","template":"","meta":[],"product_cat":[333],"product_tag":[],"class_list":{"0":"post-40860","1":"product","2":"type-product","3":"status-publish","4":"has-post-thumbnail","6":"product_cat-equalizer-fuer-heim-audio","8":"first","9":"instock","10":"taxable","11":"shipping-taxable","12":"product-type-external"},"acf":[],"_links":{"self":[{"href":"https:\/\/flagship.ryari.com\/index.php\/wp-json\/wp\/v2\/product\/40860","targetHints":{"allow":["GET"]}}],"collection":[{"href":"https:\/\/flagship.ryari.com\/index.php\/wp-json\/wp\/v2\/product"}],"about":[{"href":"https:\/\/flagship.ryari.com\/index.php\/wp-json\/wp\/v2\/types\/product"}],"replies":[{"embeddable":true,"href":"https:\/\/flagship.ryari.com\/index.php\/wp-json\/wp\/v2\/comments?post=40860"}],"wp:featuredmedia":[{"embeddable":true,"href":"https:\/\/flagship.ryari.com\/index.php\/wp-json\/"}],"wp:attachment":[{"href":"https:\/\/flagship.ryari.com\/index.php\/wp-json\/wp\/v2\/media?parent=40860"}],"wp:term":[{"taxonomy":"product_cat","embeddable":true,"href":"https:\/\/flagship.ryari.com\/index.php\/wp-json\/wp\/v2\/product_cat?post=40860"},{"taxonomy":"product_tag","embeddable":true,"href":"https:\/\/flagship.ryari.com\/index.php\/wp-json\/wp\/v2\/product_tag?post=40860"}],"curies":[{"name":"wp","href":"https:\/\/api.w.org\/{rel}","templated":true}]}}