{"id":49296,"date":"2023-05-10T19:31:30","date_gmt":"2023-05-10T19:31:30","guid":{"rendered":"https:\/\/flagship.ryari.com\/index.php\/product\/anker-life-tune-bluetooth-ohraufliegende-kopfhoerer-schwarz-a3029ga1\/"},"modified":"2026-04-12T18:18:55","modified_gmt":"2026-04-12T18:18:55","slug":"anker-life-tune-bluetooth-ohraufliegende-kopfhoerer-schwarz-a3029ga1","status":"publish","type":"product","link":"https:\/\/flagship.ryari.com\/index.php\/product\/anker-life-tune-bluetooth-ohraufliegende-kopfhoerer-schwarz-a3029ga1\/","title":{"rendered":"Anker Life Tune Bluetooth Ohraufliegende Kopfh\u00f6rer &#8211; Schwarz (A3029GA1)"},"content":{"rendered":"","protected":false},"excerpt":{"rendered":"<p>Entdecken Sie Anker Life Tune Bluetooth Ohraufliegende Kopfh\u00f6rer &#8211; Schwarz (A3029GA1) in der gro\u00dfen Auswahl bei eBay. Kostenlose Lieferung f\u00fcr viele Artikel!<\/p>\n","protected":false},"featured_media":999980000000492960,"comment_status":"open","ping_status":"closed","template":"","meta":[],"product_cat":[350],"product_tag":[],"class_list":{"0":"post-49296","1":"product","2":"type-product","3":"status-publish","4":"has-post-thumbnail","6":"product_cat-kopfhoerer-bluetooth","8":"first","9":"instock","10":"taxable","11":"shipping-taxable","12":"product-type-external"},"acf":[],"_links":{"self":[{"href":"https:\/\/flagship.ryari.com\/index.php\/wp-json\/wp\/v2\/product\/49296","targetHints":{"allow":["GET"]}}],"collection":[{"href":"https:\/\/flagship.ryari.com\/index.php\/wp-json\/wp\/v2\/product"}],"about":[{"href":"https:\/\/flagship.ryari.com\/index.php\/wp-json\/wp\/v2\/types\/product"}],"replies":[{"embeddable":true,"href":"https:\/\/flagship.ryari.com\/index.php\/wp-json\/wp\/v2\/comments?post=49296"}],"wp:featuredmedia":[{"embeddable":true,"href":"https:\/\/flagship.ryari.com\/index.php\/wp-json\/"}],"wp:attachment":[{"href":"https:\/\/flagship.ryari.com\/index.php\/wp-json\/wp\/v2\/media?parent=49296"}],"wp:term":[{"taxonomy":"product_cat","embeddable":true,"href":"https:\/\/flagship.ryari.com\/index.php\/wp-json\/wp\/v2\/product_cat?post=49296"},{"taxonomy":"product_tag","embeddable":true,"href":"https:\/\/flagship.ryari.com\/index.php\/wp-json\/wp\/v2\/product_tag?post=49296"}],"curies":[{"name":"wp","href":"https:\/\/api.w.org\/{rel}","templated":true}]}}