{"id":57551,"date":"2023-05-18T13:17:24","date_gmt":"2023-05-18T13:17:24","guid":{"rendered":"https:\/\/flagship.ryari.com\/index.php\/product\/speedlink-7in1-set-tasche-folie-spiele-huelle-fuer-nintendo-new-2ds-xl-konsole\/"},"modified":"2026-04-30T13:09:02","modified_gmt":"2026-04-30T13:09:02","slug":"speedlink-7in1-set-tasche-folie-spiele-huelle-fuer-nintendo-new-2ds-xl-konsole","status":"publish","type":"product","link":"https:\/\/flagship.ryari.com\/index.php\/product\/speedlink-7in1-set-tasche-folie-spiele-huelle-fuer-nintendo-new-2ds-xl-konsole\/","title":{"rendered":"Speedlink 7in1 Set Tasche + Folie + Spiele-H\u00fclle f\u00fcr Nintendo New 2DS XL Konsole"},"content":{"rendered":"","protected":false},"excerpt":{"rendered":"<p>Entdecken Sie Speedlink 7in1 Set Tasche + Folie + Spiele-H\u00fclle f\u00fcr Nintendo New 2DS XL Konsole in der gro\u00dfen Auswahl bei eBay. Kostenlose Lieferung f\u00fcr viele Artikel!<\/p>\n","protected":false},"featured_media":999980000000575510,"comment_status":"open","ping_status":"closed","template":"","meta":[],"product_cat":[357],"product_tag":[],"class_list":{"0":"post-57551","1":"product","2":"type-product","3":"status-publish","4":"has-post-thumbnail","6":"product_cat-gaming-zubehoer","8":"first","9":"instock","10":"taxable","11":"shipping-taxable","12":"product-type-external"},"acf":[],"_links":{"self":[{"href":"https:\/\/flagship.ryari.com\/index.php\/wp-json\/wp\/v2\/product\/57551","targetHints":{"allow":["GET"]}}],"collection":[{"href":"https:\/\/flagship.ryari.com\/index.php\/wp-json\/wp\/v2\/product"}],"about":[{"href":"https:\/\/flagship.ryari.com\/index.php\/wp-json\/wp\/v2\/types\/product"}],"replies":[{"embeddable":true,"href":"https:\/\/flagship.ryari.com\/index.php\/wp-json\/wp\/v2\/comments?post=57551"}],"wp:featuredmedia":[{"embeddable":true,"href":"https:\/\/flagship.ryari.com\/index.php\/wp-json\/"}],"wp:attachment":[{"href":"https:\/\/flagship.ryari.com\/index.php\/wp-json\/wp\/v2\/media?parent=57551"}],"wp:term":[{"taxonomy":"product_cat","embeddable":true,"href":"https:\/\/flagship.ryari.com\/index.php\/wp-json\/wp\/v2\/product_cat?post=57551"},{"taxonomy":"product_tag","embeddable":true,"href":"https:\/\/flagship.ryari.com\/index.php\/wp-json\/wp\/v2\/product_tag?post=57551"}],"curies":[{"name":"wp","href":"https:\/\/api.w.org\/{rel}","templated":true}]}}