{"id":58058,"date":"2023-05-18T13:41:28","date_gmt":"2023-05-18T13:41:28","guid":{"rendered":"https:\/\/flagship.ryari.com\/index.php\/product\/minecraft-playstation-4-edition-sony-playstation-4-2014\/"},"modified":"2026-04-27T19:08:14","modified_gmt":"2026-04-27T19:08:14","slug":"minecraft-playstation-4-edition-sony-playstation-4-2014","status":"publish","type":"product","link":"https:\/\/flagship.ryari.com\/index.php\/product\/minecraft-playstation-4-edition-sony-playstation-4-2014\/","title":{"rendered":"Minecraft &#8211; PlayStation 4 Edition (Sony PlayStation 4, 2014)"},"content":{"rendered":"<p>Das Spiel wurde von dem schwedischen Independent-Studio Mojang entwickelt und im Jahr 2011 offiziell ver\u00f6ffentlicht &#8211; mit einer \u00fcberw\u00e4ltigenden Resonanz der Spielergemeinde. Bis heute haben mehr als 14 Millionen Menschen das Spiel gekauft und von Schiffen bis hin zu ganzen St\u00e4dten einfach alles erbaut und erschaffen. Da Minecraft ein besonders vielseitiges und wandlungsf\u00e4higes Spiel ist, ist die Bandbreite an Fans entsprechend gro\u00df: Der Titel erfreut sich sowohl bei Hardcore-Spielern als auch bei j\u00fcngeren Sch\u00fclern gro\u00dfer Popularit\u00e4t. Als Spieler ist man frei, eine Welt ganz nach eigenem Belieben zu erbauen, zu gestalten und zu erkunden. Unbekannte Tiefen k\u00f6nnen erforscht und sagenhafte Bauwerke errichtet werden &#8211; von bescheidenen H\u00fctten bis hin zu gewaltigen Stadtlandschaften. Das Spiel kann alleine oder zusammen mit Freunden gespielt werden: im Online-Multiplayer-Modus f\u00fcr bis zu acht Spieler und offline mit bis zu vier Spielern auf geteiltem Bildschirm. Der Fantasie sind keine Grenzen gesetzt. Die neue Edition f\u00fcr PS3 ist mit allen Funktionen ausgestattet, die von der Minecraft-Version f\u00fcr Konsole bekannt sind, sowie mit allem, was zur neuesten Aktualisierung des Spiels (Aktualisierung 14) geh\u00f6rt, darunter Smaragde, Endertruhen, Kartoffeln und mehr.<\/p>\n","protected":false},"excerpt":{"rendered":"<p>Das Spiel wurde von dem schwedischen Independent-Studio Mojang entwickelt und im Jahr 2011 offiziell ver\u00f6ffentlicht &#8211; mit einer \u00fcberw\u00e4ltigenden Resonanz der Spielergemeinde. Bis heute haben mehr als 14 Millionen Menschen<\/p>\n","protected":false},"featured_media":999980000000580580,"comment_status":"open","ping_status":"closed","template":"","meta":[],"product_cat":[364],"product_tag":[],"class_list":{"0":"post-58058","1":"product","2":"type-product","3":"status-publish","4":"has-post-thumbnail","6":"product_cat-spiele-playstation","8":"first","9":"instock","10":"taxable","11":"shipping-taxable","12":"product-type-external"},"acf":[],"_links":{"self":[{"href":"https:\/\/flagship.ryari.com\/index.php\/wp-json\/wp\/v2\/product\/58058","targetHints":{"allow":["GET"]}}],"collection":[{"href":"https:\/\/flagship.ryari.com\/index.php\/wp-json\/wp\/v2\/product"}],"about":[{"href":"https:\/\/flagship.ryari.com\/index.php\/wp-json\/wp\/v2\/types\/product"}],"replies":[{"embeddable":true,"href":"https:\/\/flagship.ryari.com\/index.php\/wp-json\/wp\/v2\/comments?post=58058"}],"wp:featuredmedia":[{"embeddable":true,"href":"https:\/\/flagship.ryari.com\/index.php\/wp-json\/"}],"wp:attachment":[{"href":"https:\/\/flagship.ryari.com\/index.php\/wp-json\/wp\/v2\/media?parent=58058"}],"wp:term":[{"taxonomy":"product_cat","embeddable":true,"href":"https:\/\/flagship.ryari.com\/index.php\/wp-json\/wp\/v2\/product_cat?post=58058"},{"taxonomy":"product_tag","embeddable":true,"href":"https:\/\/flagship.ryari.com\/index.php\/wp-json\/wp\/v2\/product_tag?post=58058"}],"curies":[{"name":"wp","href":"https:\/\/api.w.org\/{rel}","templated":true}]}}