{"id":60801,"date":"2023-05-23T10:29:13","date_gmt":"2023-05-23T10:29:13","guid":{"rendered":"https:\/\/flagship.ryari.com\/index.php\/product\/apple-iphone-7-128gb-silber-ohne-simlock-a1778-gsm\/"},"modified":"2026-04-28T02:17:20","modified_gmt":"2026-04-28T02:17:20","slug":"apple-iphone-7-128gb-silber-ohne-simlock-a1778-gsm","status":"publish","type":"product","link":"https:\/\/flagship.ryari.com\/index.php\/product\/apple-iphone-7-128gb-silber-ohne-simlock-a1778-gsm\/","title":{"rendered":"Apple iPhone 7 &#8211; 128GB &#8211; Silber (Ohne Simlock) A1778 (GSM)"},"content":{"rendered":"<p>Das in Silber gehaltene iPhone 7 ist ein SIM-Lockfreies Smartphone von Apple. Als Betriebssystem ist iOS 10 vorinstalliert. Der Quad Core Prozessor hat eine Taktung von 2,23 GHz pro Kern und besitzt einen Arbeitsspeicher von 2 GB. Das Smartphone hat ein 4,7 Zoll gro\u00dfes Retina HD Display mit einer Aufl\u00f6sung von 1334 x 750 Pixel. Die Energieversorgung erfolgt \u00fcber einen Lithium-Ionen-Akku, welcher eine Standby-Zeit von bis zu 10 Tagen und eine Gespr\u00e4chszeit bis zu 14 Stunden erreicht. Bei einer Gr\u00f6\u00dfe von 138,3 x 67,1 x 7,1 mm betr\u00e4gt das Gewicht 138 g und ist angenehm in der Hand zu halten. Mit der 12 Megapixel-Kamera entstehen Bilder in einer hohen Qualit\u00e4t und auch scharfe, nat\u00fcrliche Selfies sind mit der 7 MP Frontkamera kein Problem. Das iPhone 7 verf\u00fcgt \u00fcber einen 128 GB gro\u00dfen internen Speicher. Dieses Ger\u00e4t ist kompatibel mit Vodafone, E-Plus, T-Mobile, O2 Mobilfunkanbietern.<\/p>\n","protected":false},"excerpt":{"rendered":"<p>Das in Silber gehaltene iPhone 7 ist ein SIM-Lockfreies Smartphone von Apple. Als Betriebssystem ist iOS 10 vorinstalliert. Der Quad Core Prozessor hat eine Taktung von 2,23 GHz pro Kern<\/p>\n","protected":false},"featured_media":999980000000608010,"comment_status":"open","ping_status":"closed","template":"","meta":[],"product_cat":[387],"product_tag":[],"class_list":{"0":"post-60801","1":"product","2":"type-product","3":"status-publish","4":"has-post-thumbnail","6":"product_cat-iphone-andere","8":"first","9":"instock","10":"taxable","11":"shipping-taxable","12":"product-type-external"},"acf":[],"_links":{"self":[{"href":"https:\/\/flagship.ryari.com\/index.php\/wp-json\/wp\/v2\/product\/60801","targetHints":{"allow":["GET"]}}],"collection":[{"href":"https:\/\/flagship.ryari.com\/index.php\/wp-json\/wp\/v2\/product"}],"about":[{"href":"https:\/\/flagship.ryari.com\/index.php\/wp-json\/wp\/v2\/types\/product"}],"replies":[{"embeddable":true,"href":"https:\/\/flagship.ryari.com\/index.php\/wp-json\/wp\/v2\/comments?post=60801"}],"wp:featuredmedia":[{"embeddable":true,"href":"https:\/\/flagship.ryari.com\/index.php\/wp-json\/"}],"wp:attachment":[{"href":"https:\/\/flagship.ryari.com\/index.php\/wp-json\/wp\/v2\/media?parent=60801"}],"wp:term":[{"taxonomy":"product_cat","embeddable":true,"href":"https:\/\/flagship.ryari.com\/index.php\/wp-json\/wp\/v2\/product_cat?post=60801"},{"taxonomy":"product_tag","embeddable":true,"href":"https:\/\/flagship.ryari.com\/index.php\/wp-json\/wp\/v2\/product_tag?post=60801"}],"curies":[{"name":"wp","href":"https:\/\/api.w.org\/{rel}","templated":true}]}}