{"id":63627,"date":"2023-05-24T19:19:38","date_gmt":"2023-05-24T19:19:38","guid":{"rendered":"https:\/\/flagship.ryari.com\/index.php\/product\/nokia-6310i-silber-unbenutzt-original-fuer-freisprecheinrichtung-aware\/"},"modified":"2026-04-14T11:14:38","modified_gmt":"2026-04-14T11:14:38","slug":"nokia-6310i-silber-unbenutzt-original-fuer-freisprecheinrichtung-aware","status":"publish","type":"product","link":"https:\/\/flagship.ryari.com\/index.php\/product\/nokia-6310i-silber-unbenutzt-original-fuer-freisprecheinrichtung-aware\/","title":{"rendered":"Nokia 6310i silber UNBENUTZT Original f\u00fcr Freisprecheinrichtung AWare"},"content":{"rendered":"","protected":false},"excerpt":{"rendered":"<p>Entdecken Sie Nokia 6310i silber UNBENUTZT Original f\u00fcr Freisprecheinrichtung AWare in der gro\u00dfen Auswahl bei eBay. Kostenlose Lieferung f\u00fcr viele Artikel!<\/p>\n","protected":false},"featured_media":999980000000636270,"comment_status":"open","ping_status":"closed","template":"","meta":[],"product_cat":[377],"product_tag":[],"class_list":{"0":"post-63627","1":"product","2":"type-product","3":"status-publish","4":"has-post-thumbnail","6":"product_cat-nokia-smartphones","8":"first","9":"instock","10":"taxable","11":"shipping-taxable","12":"product-type-external"},"acf":[],"_links":{"self":[{"href":"https:\/\/flagship.ryari.com\/index.php\/wp-json\/wp\/v2\/product\/63627","targetHints":{"allow":["GET"]}}],"collection":[{"href":"https:\/\/flagship.ryari.com\/index.php\/wp-json\/wp\/v2\/product"}],"about":[{"href":"https:\/\/flagship.ryari.com\/index.php\/wp-json\/wp\/v2\/types\/product"}],"replies":[{"embeddable":true,"href":"https:\/\/flagship.ryari.com\/index.php\/wp-json\/wp\/v2\/comments?post=63627"}],"wp:featuredmedia":[{"embeddable":true,"href":"https:\/\/flagship.ryari.com\/index.php\/wp-json\/"}],"wp:attachment":[{"href":"https:\/\/flagship.ryari.com\/index.php\/wp-json\/wp\/v2\/media?parent=63627"}],"wp:term":[{"taxonomy":"product_cat","embeddable":true,"href":"https:\/\/flagship.ryari.com\/index.php\/wp-json\/wp\/v2\/product_cat?post=63627"},{"taxonomy":"product_tag","embeddable":true,"href":"https:\/\/flagship.ryari.com\/index.php\/wp-json\/wp\/v2\/product_tag?post=63627"}],"curies":[{"name":"wp","href":"https:\/\/api.w.org\/{rel}","templated":true}]}}