{"id":64995,"date":"2023-05-25T10:52:30","date_gmt":"2023-05-25T10:52:30","guid":{"rendered":"https:\/\/flagship.ryari.com\/index.php\/product\/kunst-lederhuelle-fuer-huawei-honor-6x-flip-case-2-schutzfolien\/"},"modified":"2026-04-19T18:16:39","modified_gmt":"2026-04-19T18:16:39","slug":"kunst-lederhuelle-fuer-huawei-honor-6x-flip-case-2-schutzfolien","status":"publish","type":"product","link":"https:\/\/flagship.ryari.com\/index.php\/product\/kunst-lederhuelle-fuer-huawei-honor-6x-flip-case-2-schutzfolien\/","title":{"rendered":"Kunst-Lederh\u00fclle f\u00fcr Huawei Honor 6x Flip-Case + 2 Schutzfolien"},"content":{"rendered":"","protected":false},"excerpt":{"rendered":"<p>Entdecken Sie Kunst-Lederh\u00fclle f\u00fcr Huawei Honor 6x Flip-Case + 2 Schutzfolien in der gro\u00dfen Auswahl bei eBay. Kostenlose Lieferung f\u00fcr viele Artikel!<\/p>\n","protected":false},"featured_media":999980000000649950,"comment_status":"open","ping_status":"closed","template":"","meta":[],"product_cat":[382],"product_tag":[],"class_list":{"0":"post-64995","1":"product","2":"type-product","3":"status-publish","4":"has-post-thumbnail","6":"product_cat-zubehoer-smartphones","8":"first","9":"instock","10":"taxable","11":"shipping-taxable","12":"product-type-external"},"acf":[],"_links":{"self":[{"href":"https:\/\/flagship.ryari.com\/index.php\/wp-json\/wp\/v2\/product\/64995","targetHints":{"allow":["GET"]}}],"collection":[{"href":"https:\/\/flagship.ryari.com\/index.php\/wp-json\/wp\/v2\/product"}],"about":[{"href":"https:\/\/flagship.ryari.com\/index.php\/wp-json\/wp\/v2\/types\/product"}],"replies":[{"embeddable":true,"href":"https:\/\/flagship.ryari.com\/index.php\/wp-json\/wp\/v2\/comments?post=64995"}],"wp:featuredmedia":[{"embeddable":true,"href":"https:\/\/flagship.ryari.com\/index.php\/wp-json\/"}],"wp:attachment":[{"href":"https:\/\/flagship.ryari.com\/index.php\/wp-json\/wp\/v2\/media?parent=64995"}],"wp:term":[{"taxonomy":"product_cat","embeddable":true,"href":"https:\/\/flagship.ryari.com\/index.php\/wp-json\/wp\/v2\/product_cat?post=64995"},{"taxonomy":"product_tag","embeddable":true,"href":"https:\/\/flagship.ryari.com\/index.php\/wp-json\/wp\/v2\/product_tag?post=64995"}],"curies":[{"name":"wp","href":"https:\/\/api.w.org\/{rel}","templated":true}]}}