{"id":9686,"date":"2023-04-29T12:19:47","date_gmt":"2023-04-29T12:19:47","guid":{"rendered":"https:\/\/flagship.ryari.com\/index.php\/product\/mgpk3d-a-apple-imac-with-4-5k-retina-display-all-in-one-komplettloesung-d\/"},"modified":"2026-04-19T18:09:20","modified_gmt":"2026-04-19T18:09:20","slug":"mgpk3d-a-apple-imac-with-4-5k-retina-display-all-in-one-komplettloesung-d","status":"publish","type":"product","link":"https:\/\/flagship.ryari.com\/index.php\/product\/mgpk3d-a-apple-imac-with-4-5k-retina-display-all-in-one-komplettloesung-d\/","title":{"rendered":"MGPK3D\/A Apple iMac with 4.5K Retina display All-in-One (Komplettl\u00f6sung) ~D~"},"content":{"rendered":"","protected":false},"excerpt":{"rendered":"<p>Entdecken Sie MGPK3D\/A Apple iMac with 4.5K Retina display All-in-One (Komplettl\u00f6sung) ~D~ in der gro\u00dfen Auswahl bei eBay. Kostenlose Lieferung f\u00fcr viele Artikel!<\/p>\n","protected":false},"featured_media":999980000000096860,"comment_status":"open","ping_status":"closed","template":"","meta":[],"product_cat":[233],"product_tag":[],"class_list":{"0":"post-9686","1":"product","2":"type-product","3":"status-publish","4":"has-post-thumbnail","6":"product_cat-apple-desktops","8":"first","9":"instock","10":"taxable","11":"shipping-taxable","12":"product-type-external"},"acf":[],"_links":{"self":[{"href":"https:\/\/flagship.ryari.com\/index.php\/wp-json\/wp\/v2\/product\/9686","targetHints":{"allow":["GET"]}}],"collection":[{"href":"https:\/\/flagship.ryari.com\/index.php\/wp-json\/wp\/v2\/product"}],"about":[{"href":"https:\/\/flagship.ryari.com\/index.php\/wp-json\/wp\/v2\/types\/product"}],"replies":[{"embeddable":true,"href":"https:\/\/flagship.ryari.com\/index.php\/wp-json\/wp\/v2\/comments?post=9686"}],"wp:featuredmedia":[{"embeddable":true,"href":"https:\/\/flagship.ryari.com\/index.php\/wp-json\/"}],"wp:attachment":[{"href":"https:\/\/flagship.ryari.com\/index.php\/wp-json\/wp\/v2\/media?parent=9686"}],"wp:term":[{"taxonomy":"product_cat","embeddable":true,"href":"https:\/\/flagship.ryari.com\/index.php\/wp-json\/wp\/v2\/product_cat?post=9686"},{"taxonomy":"product_tag","embeddable":true,"href":"https:\/\/flagship.ryari.com\/index.php\/wp-json\/wp\/v2\/product_tag?post=9686"}],"curies":[{"name":"wp","href":"https:\/\/api.w.org\/{rel}","templated":true}]}}